{"id":1323,"date":"2017-08-12T18:29:34","date_gmt":"2017-08-12T18:29:34","guid":{"rendered":"http:\/\/www.andreseloysotomontenegro.com\/?page_id=1323"},"modified":"2018-04-06T22:11:21","modified_gmt":"2018-04-06T22:11:21","slug":"otoplastia","status":"publish","type":"page","link":"https:\/\/www.andreseloysotomontenegro.com\/?page_id=1323","title":{"rendered":"OTOPLASTIA"},"content":{"rendered":"<p><img loading=\"lazy\" decoding=\"async\" class=\"size-medium wp-image-1614 alignleft\" src=\"http:\/\/www.andreseloysotomontenegro.com\/wp-content\/uploads\/2018\/04\/oto-298x300.png\" alt=\"\" width=\"298\" height=\"300\" srcset=\"https:\/\/www.andreseloysotomontenegro.com\/wp-content\/uploads\/2018\/04\/oto-298x300.png 298w, https:\/\/www.andreseloysotomontenegro.com\/wp-content\/uploads\/2018\/04\/oto-150x150.png 150w, https:\/\/www.andreseloysotomontenegro.com\/wp-content\/uploads\/2018\/04\/oto.png 350w, https:\/\/www.andreseloysotomontenegro.com\/wp-content\/uploads\/2018\/04\/oto-100x100.png 100w\" sizes=\"auto, (max-width: 298px) 100vw, 298px\" \/>La Otoplastia es la intervenci\u00f3n quir\u00fargica que permite corregir y modi\ufb01car la alteraci\u00f3n en la posici\u00f3n, la forma y el tama\u00f1o de las orejas de las personas, brind\u00e1ndoles un aspecto m\u00e1s agradable y logrando una mejor proporci\u00f3n entre las distintas partes del rostro. Las personas que necesitan esta cirug\u00eda son aquellas que tienen unas orejas con un mayor \u00e1ngulo de separaci\u00f3n de la cabeza y generalmente carecen de los pliegues del cart\u00edlago que las conforma.<\/p>\n<p><strong>\u00bfQu\u00e9 cambios genera y cu\u00e1les son las ventajas de una Otoplast\u00eda?<\/strong><\/p>\n<p>As\u00ed como reduce el tama\u00f1o de las orejas grandes tambi\u00e9n disminuye su proyecci\u00f3n. Algunas irregularidades de la forma de la oreja como aquellas terminadas en punta o dobladas hacia abajo pueden ser corregidas con la Otoplastia.<\/p>\n<p>Permite la ubicaci\u00f3n regular de las orejas logrando un \u00e1ngulo de 35 grados entre \u00e9stas, con respecto a la cabeza del paciente. Corrige desgarraduras del ori\ufb01cio del l\u00f3bulo de la oreja y cicatrices previas de Lifting faciales.<\/p>\n<p><strong>\u00bfQu\u00e9 resultados obtiene el paciente de la cirug\u00eda?<\/strong><\/p>\n<p>Aunque los resultados de la cirug\u00eda de orejas son permanentes, \u00e9stos ser\u00e1n m\u00e1s notorios despu\u00e9s de una semana de la intervenci\u00f3n cuando haya disminuido la in\ufb02amaci\u00f3n. Aquellos pacientes inconformes con la forma y tama\u00f1o de sus orejas sentir\u00e1n mayor confianza en s\u00ed mismos y satisfacci\u00f3n por los notorios resultados obtenidos. La Otoplast\u00eda brinda resultados duraderos. El paso de los a\u00f1os y el efecto de la gravedad pueden alterar parcialmente la forma de las orejas.<\/p>\n<p>&nbsp;<\/p>\n<p><strong>Consejos posteriores a la cirug\u00eda<\/strong><\/p>\n<p>Tanto en el d\u00eda como en la noche la persona intervenida debe usar una banda el\u00e1stica durante los primeros tres d\u00edas, y solo durante las noches por tres semanas m\u00e1s para evitar que la oreja al dormir se doble hacia delante. El dolor ocasionado por la intervenci\u00f3n quir\u00fargica es bajo. Para contrarrestarlo, el paciente debe tomar cumplidamente los analg\u00e9sicos que el cirujano le formule.<\/p>\n<p>&nbsp;<\/p>\n","protected":false},"excerpt":{"rendered":"<p>La Otoplastia es la intervenci\u00f3n quir\u00fargica que permite corregir y modi\ufb01car la alteraci\u00f3n en la posici\u00f3n, la forma y el tama\u00f1o de las orejas de las personas, brind\u00e1ndoles un aspecto m\u00e1s agradable y logrando una mejor proporci\u00f3n entre las distintas partes del rostro. Las personas que necesitan esta cirug\u00eda son aquellas que tienen unas orejas [&hellip;]<\/p>\n","protected":false},"author":1,"featured_media":0,"parent":0,"menu_order":0,"comment_status":"closed","ping_status":"closed","template":"","meta":{"footnotes":""},"class_list":["post-1323","page","type-page","status-publish","hentry"],"_links":{"self":[{"href":"https:\/\/www.andreseloysotomontenegro.com\/index.php?rest_route=\/wp\/v2\/pages\/1323","targetHints":{"allow":["GET"]}}],"collection":[{"href":"https:\/\/www.andreseloysotomontenegro.com\/index.php?rest_route=\/wp\/v2\/pages"}],"about":[{"href":"https:\/\/www.andreseloysotomontenegro.com\/index.php?rest_route=\/wp\/v2\/types\/page"}],"author":[{"embeddable":true,"href":"https:\/\/www.andreseloysotomontenegro.com\/index.php?rest_route=\/wp\/v2\/users\/1"}],"replies":[{"embeddable":true,"href":"https:\/\/www.andreseloysotomontenegro.com\/index.php?rest_route=%2Fwp%2Fv2%2Fcomments&post=1323"}],"version-history":[{"count":2,"href":"https:\/\/www.andreseloysotomontenegro.com\/index.php?rest_route=\/wp\/v2\/pages\/1323\/revisions"}],"predecessor-version":[{"id":1615,"href":"https:\/\/www.andreseloysotomontenegro.com\/index.php?rest_route=\/wp\/v2\/pages\/1323\/revisions\/1615"}],"wp:attachment":[{"href":"https:\/\/www.andreseloysotomontenegro.com\/index.php?rest_route=%2Fwp%2Fv2%2Fmedia&parent=1323"}],"curies":[{"name":"wp","href":"https:\/\/api.w.org\/{rel}","templated":true}]}}