{"id":1311,"date":"2017-08-12T18:21:32","date_gmt":"2017-08-12T18:21:32","guid":{"rendered":"http:\/\/www.andreseloysotomontenegro.com\/?page_id=1311"},"modified":"2018-04-08T18:22:48","modified_gmt":"2018-04-08T18:22:48","slug":"dermolipectomia-y-minidermolipectomia-abdominal","status":"publish","type":"page","link":"https:\/\/www.andreseloysotomontenegro.com\/?page_id=1311","title":{"rendered":"DERMOLIPECTOMIA Y MINIDERMOLIPECTOMIA ABDOMINAL"},"content":{"rendered":"<p><img loading=\"lazy\" decoding=\"async\" class=\"size-medium wp-image-1670 alignleft\" src=\"http:\/\/www.andreseloysotomontenegro.com\/wp-content\/uploads\/2018\/04\/dermo-298x300.png\" alt=\"\" width=\"298\" height=\"300\" srcset=\"https:\/\/www.andreseloysotomontenegro.com\/wp-content\/uploads\/2018\/04\/dermo-298x300.png 298w, https:\/\/www.andreseloysotomontenegro.com\/wp-content\/uploads\/2018\/04\/dermo-150x150.png 150w, https:\/\/www.andreseloysotomontenegro.com\/wp-content\/uploads\/2018\/04\/dermo.png 350w, https:\/\/www.andreseloysotomontenegro.com\/wp-content\/uploads\/2018\/04\/dermo-100x100.png 100w\" sizes=\"auto, (max-width: 298px) 100vw, 298px\" \/>La Abdominoplast\u00eda (tambi\u00e9n llamada dermolipectom\u00eda o lipectom\u00eda) es una operaci\u00f3n de cirug\u00eda pl\u00e1stica est\u00e9tica que elimina el tejido adiposo excedente con la piel que lo recubre y que suele estar muy suelta, permitiendo unir luego los m\u00fasculos y la piel, devolviendo al paciente un abdomen liso y tonificado. Un sue\u00f1o hecho realidad.<\/p>\n<p>La Abdominoplast\u00eda se destina a la remoci\u00f3n de la grasa localizada en el abdomen inferior, as\u00ed como de la \ufb02acidez de la piel alrededor de la regi\u00f3n umbilical y las estr\u00edas situadas entre la l\u00ednea horizontal que pasa por el ombligo y el vello p\u00fabico. Sin embargo, el procedimiento no consigue eliminar las estr\u00edas situadas muy hacia atr\u00e1s de la cintura. Es un procedimiento quir\u00fargico de gran porte que resuelve el problema del desequilibrio est\u00e9tico del abdomen de una forma m\u00e1s radical que la lipoescultura.<\/p>\n<p>Existe informaci\u00f3n errada sobre esta cirug\u00eda, gran parte de la cual es generada por casos excepcionales de pacientes operados por profesionales no habilitados para tal fin y que, algunas veces, realizan la operaci\u00f3n como complemento a cirug\u00edas intraabdominales, aun cuando esto aumenta el riesgo quir\u00fargico.<\/p>\n<p>La Abdominoplast\u00eda debe ser un procedimiento realizado estrictamente por el cirujano pl\u00e1stico. En aquellos casos en los que la cirug\u00eda vaya a ser realizada en conjunto con una cirug\u00eda intraabdominal, el cirujano pl\u00e1stico deber\u00e1 coordinar esfuerzos con el cirujano general o el ginec\u00f3logo.<\/p>\n<p><strong>Minidermolipectom\u00eda<\/strong><\/p>\n<p>Es la operaci\u00f3n que consiste en la extirpaci\u00f3n del exceso de piel y grasa abdominal y en la conexi\u00f3n dela \ufb02acidez muscular, a veces es complementada con una lipoaspiraci\u00f3n de \ufb02ancos.<\/p>\n<p>Esta situaci\u00f3n de exceso de piel y relajaci\u00f3n de la pared abdominal se suele dar en pacientes que han tenido una subida importante de peso y una p\u00e9rdida posterior abrupta, por llamarlo de alguna forma, donde no ha habido una preparaci\u00f3n para ir bajando paulatinamente y quemando grasas, sino que la p\u00e9rdida de peso ha sido tan s\u00fabita que el cuerpo no ha alcanzado a asimilarlo, sino que la piel cuelga desprolija y con falta de tonicidad.<\/p>\n<p>Esto tambi\u00e9n afecta a muchas mujeres que han tenido uno o m\u00e1s embarazos. Con la Minidermolipectomia se consigue un abdomen m\u00e1s plano, firme y una cintura m\u00e1s estrecha, la reubicaci\u00f3n del ombligo se har\u00e1 dependiendo de la importancia de la incisi\u00f3n a realizar. Esta cirug\u00eda est\u00e1 especialmente recomendada cuando la \ufb02acidez no es mucha.<\/p>\n","protected":false},"excerpt":{"rendered":"<p>La Abdominoplast\u00eda (tambi\u00e9n llamada dermolipectom\u00eda o lipectom\u00eda) es una operaci\u00f3n de cirug\u00eda pl\u00e1stica est\u00e9tica que elimina el tejido adiposo excedente con la piel que lo recubre y que suele estar muy suelta, permitiendo unir luego los m\u00fasculos y la piel, devolviendo al paciente un abdomen liso y tonificado. Un sue\u00f1o hecho realidad. La Abdominoplast\u00eda se [&hellip;]<\/p>\n","protected":false},"author":1,"featured_media":0,"parent":0,"menu_order":0,"comment_status":"closed","ping_status":"closed","template":"","meta":{"footnotes":""},"class_list":["post-1311","page","type-page","status-publish","hentry"],"_links":{"self":[{"href":"https:\/\/www.andreseloysotomontenegro.com\/index.php?rest_route=\/wp\/v2\/pages\/1311","targetHints":{"allow":["GET"]}}],"collection":[{"href":"https:\/\/www.andreseloysotomontenegro.com\/index.php?rest_route=\/wp\/v2\/pages"}],"about":[{"href":"https:\/\/www.andreseloysotomontenegro.com\/index.php?rest_route=\/wp\/v2\/types\/page"}],"author":[{"embeddable":true,"href":"https:\/\/www.andreseloysotomontenegro.com\/index.php?rest_route=\/wp\/v2\/users\/1"}],"replies":[{"embeddable":true,"href":"https:\/\/www.andreseloysotomontenegro.com\/index.php?rest_route=%2Fwp%2Fv2%2Fcomments&post=1311"}],"version-history":[{"count":2,"href":"https:\/\/www.andreseloysotomontenegro.com\/index.php?rest_route=\/wp\/v2\/pages\/1311\/revisions"}],"predecessor-version":[{"id":1671,"href":"https:\/\/www.andreseloysotomontenegro.com\/index.php?rest_route=\/wp\/v2\/pages\/1311\/revisions\/1671"}],"wp:attachment":[{"href":"https:\/\/www.andreseloysotomontenegro.com\/index.php?rest_route=%2Fwp%2Fv2%2Fmedia&parent=1311"}],"curies":[{"name":"wp","href":"https:\/\/api.w.org\/{rel}","templated":true}]}}